 the prime factors of n?
2
Let t(d) = -d**3 - 13*d**2 + 31*d + 18. What are the prime factors of t(-16)?
2, 5, 29
Let t(h) = 9*h - 8. Let j(u) = -47*u + 40. Let v(b) = 4*j(b) + 22*t(b). Let z = 8 - 1. List the prime factors of v(z).
2, 3
Let n = 66 - 42. Suppose g - 20 = -4*m, -10 = -0*m - 2*m + 4*g. Suppose m*b - 58 = -d, -3*b + 3*d = -0*b - n. List the prime factors of b.
11
Suppose -4*v + 45 = v. Suppose -d = 0, -2*c + 5*c = -2*d + v. Suppose c*p - 4*g = 25, 0*p = 5*p - 4*g - 55. What are the prime factors of p?
3, 5
Let n = -19 + 21. Suppose n*g + 3 = 31. What are the prime factors of g?
2, 7
What are the prime factors of (-1 + 4)/((-9)/2514*-2)?
419
Suppose -4*b - 6*k = -k + 24, -5*b - 17 = 3*k. Let q(p) = 41*p**2 + 1. List the prime factors of q(b).
2, 3, 7
Let f = 5 - -4. Suppose 43 = 2*h - f. Suppose h + 70 = 4*p. List the prime factors of p.
2, 3
Let c(m) = -m - 7. Let q be c(-7). Suppose d + d - 116 = q. Let u = d + -29. What are the prime factors of u?
29
Suppose -4*q + 19452 = 4*b, 0*q - 5*b = 2*q - 9711. What are the prime factors of q?
2, 1217
Let f(t) = -21*t + 75. What are the prime factors of f(-18)?
3, 151
Suppose 10 = -2*t + 8. Let s(n) = 158*n**2 - 2*n. What are the prime factors of s(t)?
2, 5
Suppose -3*q - q = -88. Let n = 37 - q. Let d = n + -11. List the prime factors of d.
2
Suppose 152*l = 153*l - 588. What are the prime factors of l?
2, 3, 7
Let z be -3*2/(-3 - (2 - 2)). Suppose 0 = o + j - 135, 0*j = 2*o - z*j - 270. What are the prime factors of o?
3, 5
Let z = -47 - -35. List the prime factors of -225*(z - -11)/(2 + -1).
3, 5
Suppose 0 = -z + 5*b + 1691, 4*b = -2*z + 3174 + 208. List the prime factors of z.
19, 89
Let w = 2501 - 2022. What are the prime factors of w?
479
Let a = 3 - 3. Suppose 2*y + 14 = 2*h, a*y + 2*y - 3*h = -12. Let r = -1 - y. List the prime factors of r.
2
Let s = 3822 - 1711. What are the prime factors of s?
2111
Suppose 2*n - 227 = 55. Suppose 5*z = 4*p - n, 4*z + 105 = -0*p + 3*p. What are the prime factors of p?
3, 13
Let h be (-16)/(-12) + (-2)/(-3). Suppose 0 = h*o - 131 + 5. List the prime factors of o.
3, 7
Suppose 0 = 2*t + 18 - 24. Suppose c - g = 46, t*c - 159 = -c - g. List the prime factors of c.
41
Suppose 689 = 5*y - 216. What are the prime factors of y?
181
Suppose 2*q - 6206 = -3*l, -94*q = -97*q - 2*l + 9309. List the prime factors of q.
29, 107
Let i(z) = -131*z + 178. List the prime factors of i(-16).
2, 3, 379
Suppose 2*r + 15 = 5*d, -2 = -d + 1. Suppose -81 = -r*g + 3*g. What are the prime factors of (-63)/g - (-4)/6?
3
Suppose 4*n - 9 = n. Let a(s) = -s**3 + 14*s**2 - 10*s + 31. Let b be a(13). What are the prime factors of (b/6 - n)*3?
2, 13
Let g(l) = -l**2 + 4*l + 4. Let n be g(4). Suppose 0 = -3*z - 3*k - 3, -6*z + 2*z = 3*k + n. List the prime factors of 14*z*14/(-28).
7
Let j(x) = -x**3 - 4*x**2 + 5*x - 3. Suppose 0 = 3*a + 22 - 4. What are the prime factors of j(a)?
3, 13
Let v(x) = -18*x + 1718. List the prime factors of v(0).
2, 859
Suppose 31980 + 529 = 29*p. List the prime factors of p.
19, 59
Suppose -g = -2*g + 3. Let a be ((-7)/3)/(g/9). Let w = 15 - a. What are the prime factors of w?
2, 11
What are the prime factors of (-11)/44*0 + 11/1?
11
Suppose -3*m - 3*g = -879, 0 = -2*m - 8*g + 11*g + 571. List the prime factors of m.
2, 5, 29
Let y = 32 - 30. Suppose -5*z = -y*f + 109, 4*f - z = z + 242. List the prime factors of f.
2, 31
Let n be 0 + 7*(-1 - 0). Let r be 13/2*(n + -3). Let g = -4 - r. What are the prime factors of g?
61
Suppose 12*t - 7*t = 270. Let r be (-1)/(-2)*14*1. Let j = t + r. List the prime factors of j.
61
Let g(k) = -9*k + 23. Suppose i = 2 - 12. List the prime factors of g(i).
113
What are the prime factors of (-1114)/3*195/(-130)?
557
Suppose 0 = -5*x + h + 56 - 20, x - 4*h = -8. Suppose -x*p - 91 = -811. List the prime factors of p.
2, 3, 5
Let b(l) = l + 13. Let m be b(-9). Let z be m/6*1*6. Suppose -2*f = -2*t + 24, -t + z*t = -5*f + 68. What are the prime factors of t?
2
Suppose -4*u - 14132 = -5*y, -32*y + 30*y - 5*u + 5633 = 0. What are the prime factors of y?
2, 353
Suppose 0 = -4*s - 16, -3*y - 2*s + 495 + 520 = 0. What are the prime factors of y?
11, 31
Suppose -5*m = 3*l - 35, 0*m + 12 = -2*m + 4*l. Suppose -a = 4*w - 67, -2*a + m*w + 23 = -87. List the prime factors of a.
59
Suppose 11*v - 2*v = -27. Let n(r) = -30*r - 3. What are the prime factors of n(v)?
3, 29
Let r be ((-12)/(-21))/((-4)/(-14)). Let t(k) = k**2 - 2*k - 5*k**2 - 4*k + 1 + 5*k**r. List the prime factors of t(7).
2
What are the prime factors of (-4859 - 56)*2/(-5)?
2, 983
Let f(v) be the third derivative of 4/3*v**3 + 0 - 3/4*v**4 + 8*v**2 + 0*v. List the prime factors of f(-3).
2, 31
Let v(p) = 8*p**3 - 7*p**2 + p + 8. List the prime factors of v(4).
2, 103
Let w be -1 - (-1 + 2 + -4). Let v be 8 - -4*12/(-16). Suppose -v*i - 21 = w*f, 5*i + 15 = -10. What are the prime factors of f?
2
Suppose -3*l + 1582 = 238. What are the prime factors of l?
2, 7
Suppose 0 = 5*l - 5*a - 47 - 478, -2*a = 2. Suppose 5*y = p - 132, p - 2*p - 2*y + l = 0. Suppose 6*r - p = 2*r. List the prime factors of r.
2, 7
Suppose 0 = -5*a - 2*l - 2576, 0 = -3*a - 5*l + 6*l - 1550. Let m = a + 751. What are the prime factors of m?
5, 47
Suppose 0*z = -5*z + 140. Let n be -3*(0 + -13) - 0. Let s = n - z. List the prime factors of s.
11
Suppose 0 = 4*w - 472 + 28. Let u = w + -53. Let j = -32 + u. What are the prime factors of j?
2, 13
Suppose 2*r + 2*g = 0, 5*r + 3*g + 4 = 4*r. Suppose r*i - 30 = 4*i. Let b = -1 - i. List the prime factors of b.
2, 7
Suppose 0 = 15*f - 18*f + 6. Let a(h) = -7*h - f*h**3 + 5*h**2 - 6*h**2 - 1 - 5*h**2 - 1. List the prime factors of a(-3).
19
Let p = -54 - -40. Let w = 32 + p. Let a = -15 + w. List the prime factors of a.
3
Suppose 13*p = -4*p + 986. List the prime factors of p.
2, 29
Let a = 7 + 2. Let b = a + -11. What are the prime factors of (2/b)/((-1)/34)?
2, 17
Let f(q) = q**2 + 6*q + 21. List the prime factors of f(9).
2, 3, 13
Let g = -600 + 1701. List the prime factors of g.
3, 367
Suppose -j = j + 4. Let n = j + 4. Suppose -15 = q - n*q. What are the prime factors of q?
3, 5
Suppose -3*c = 3*l - 15765, -15789 = l - 4*l + 5*c. Let j be l/165 + 4/30. Let u = 15 + j. What are the prime factors of u?
47
Suppose 3 = 3*h, -2*h = 5*u - 15 + 3. Suppose -2*y - 3*c + 107 = 0, -u = 4*c + 10. What are the prime factors of y?
2, 29
Let y(n) = -n**3 - 5*n**2 + 2. Let x(g) = -g**3 + 9*g**2 - 8*g - 5. Let z be x(8). Let h be y(z). Suppose -3*u + 7 = -h. List the prime factors of u.
3
Let h = 461 - 141. What are the prime factors of h?
2, 5
Let a be -14 + 4/(-2) + 2. Let h = -22 - a. What are the prime factors of (-138)/h + 9/(-36)?
17
Let z(u) = 290*u**2 - u - 1. Let p be z(-1). Let t = -75 + p. List the prime factors of t.
5, 43
Let a be 253/(-1) - (5 + -7) - 0. Let o = a + 434. What are the prime factors of o?
3, 61
Let k(x) = 4*x**2 + 17*x + 108. What are the prime factors of k(26)?
2, 1627
Let q(u) = -1032*u - 144. List the prime factors of q(-2).
2, 3, 5
Let v(d) be the third derivative of 19*d**5/60 + d**4/6 + d**3/3 - 12*d**2. What are the prime factors of v(-2)?
2, 5, 7
Let b(m) = 0 - 4 + 109*m + 6. List the prime factors of b(1).
3, 37
Let l = -300 - -675. List the prime factors of l.
3, 5
Let c = 703 + -414. What are the prime factors of c?
17
Suppose 46*f - 44*f + 6 = 0. What are the prime factors of -2 - (4 - 203 - f)?
2, 97
Let j = 1198 - 625. What are the prime factors of j?
3, 191
Suppose 15 = 3*i - 3*v, 0*v + 12 = -4*i - 4*v. List the prime factors of ((-42)/28)/((-150)/148 + i).
3, 37
Let k(i) = 134*i**2 - 3*i + 3. Let w be k(2). What are the prime factors of (-1)/(-1)*w/13?
41
Let a = 672 + -450. List the prime factors of a.
2, 3, 37
Suppose -27*s + 57420 = 3*s. List the prime factors of s.
2, 3, 11, 29
Let r(u) = -3*u**2 - 57*u - 10. Let i be r(-19). List the prime factors of ((-2)/i - 1)/(54/(-4725)).
2, 5, 7
Suppose -s + 52 = 25*h - 23*h, s - 5*h - 24 = 0. List the prime factors of s.
2, 11
Let b(m) be the first derivative of -m**3/3 + 7*m**2/2 - 10*m - 1. Let v be b(9). Let o = v - -50. List the prime factors of o.
2, 11
Let g be 2 - (-3)/((-12)/16). Let l be 4/(-12)*12/g. Suppose -l*w + 18 = 4*w. What are the prime factors of w?
3